 11.
11
What is the greatest common factor of 114 and 513?
57
What is the highest common factor of 9 and 9?
9
Calculate the highest common divisor of 1332 and 108.
36
Calculate the highest common divisor of 4440 and 60.
60
What is the highest common factor of 78 and 9594?
78
What is the highest common divisor of 592 and 111?
37
What is the greatest common factor of 2 and 131?
1
What is the highest common divisor of 14 and 2296?
14
Calculate the highest common divisor of 72 and 45.
9
Calculate the greatest common divisor of 198 and 13002.
66
Calculate the greatest common factor of 470 and 115.
5
What is the highest common divisor of 5518 and 712?
178
Calculate the greatest common divisor of 75 and 8895.
15
What is the greatest common factor of 561 and 204?
51
Calculate the highest common factor of 234 and 6396.
78
What is the greatest common factor of 98 and 350?
14
What is the highest common factor of 574 and 2214?
82
What is the highest common divisor of 405 and 15?
15
Calculate the greatest common factor of 10 and 370.
10
Calculate the greatest common divisor of 171 and 95.
19
What is the greatest common factor of 12 and 2724?
12
Calculate the greatest common divisor of 72 and 108.
36
Calculate the highest common divisor of 1211 and 63.
7
Calculate the highest common divisor of 1656 and 600.
24
Calculate the highest common factor of 6312 and 168.
24
Calculate the highest common factor of 4 and 2.
2
What is the highest common divisor of 45 and 99?
9
What is the greatest common divisor of 1075 and 225?
25
Calculate the greatest common divisor of 520 and 65.
65
What is the highest common factor of 49 and 413?
7
Calculate the greatest common factor of 452 and 2147.
113
What is the highest common divisor of 65 and 26?
13
What is the greatest common divisor of 5 and 95?
5
Calculate the greatest common divisor of 39 and 249.
3
What is the highest common divisor of 608 and 3800?
152
Calculate the highest common divisor of 4674 and 171.
57
Calculate the highest common divisor of 171 and 19.
19
Calculate the highest common divisor of 224 and 64.
32
Calculate the highest common factor of 132 and 20724.
132
Calculate the greatest common divisor of 189 and 252.
63
Calculate the greatest common divisor of 208 and 676.
52
Calculate the greatest common factor of 585 and 15.
15
What is the greatest common divisor of 74 and 5846?
74
Calculate the highest common factor of 1727 and 22.
11
What is the highest common factor of 1127 and 23?
23
What is the highest common divisor of 486 and 18?
18
Calculate the greatest common divisor of 90346 and 398.
398
Calculate the greatest common factor of 72 and 576.
72
Calculate the greatest common factor of 374 and 55.
11
Calculate the highest common factor of 12 and 3084.
12
Calculate the highest common divisor of 285 and 1875.
15
Calculate the highest common divisor of 57 and 20121.
57
Calculate the highest common divisor of 23 and 621.
23
Calculate the greatest common divisor of 80 and 168.
8
What is the highest common divisor of 18 and 486?
18
Calculate the highest common factor of 320 and 12560.
80
Calculate the highest common divisor of 1026 and 38.
38
What is the greatest common divisor of 150 and 18?
6
What is the greatest common factor of 18 and 225?
9
What is the highest common factor of 5929 and 154?
77
What is the greatest common divisor of 9 and 24?
3
What is the highest common divisor of 36 and 18?
18
Calculate the highest common factor of 13 and 3471.
13
Calculate the highest common divisor of 3281 and 17.
17
What is the highest common factor of 6 and 5010?
6
What is the highest common divisor of 78 and 663?
39
Calculate the greatest common factor of 6 and 1074.
6
Calculate the highest common factor of 125 and 300.
25
What is the highest common factor of 684 and 180?
36
What is the greatest common divisor of 608 and 57?
19
Calculate the highest common factor of 330 and 1914.
66
What is the greatest common divisor of 112 and 64?
16
What is the highest common divisor of 5874 and 792?
66
What is the greatest common factor of 162 and 144?
18
What is the greatest common factor of 5 and 1325?
5
What is the greatest common divisor of 2838 and 3096?
258
What is the highest common factor of 1551 and 5076?
141
Calculate the highest common divisor of 380 and 85.
5
Calculate the highest common divisor of 7140 and 1470.
210
What is the greatest common divisor of 82 and 38704?
82
What is the greatest common divisor of 19 and 4997?
19
What is the highest common factor of 3664 and 16?
16
Calculate the greatest common factor of 70 and 2639.
7
What is the highest common divisor of 18528 and 60?
12
Calculate the greatest common divisor of 6 and 54.
6
Calculate the greatest common factor of 4536 and 42.
42
What is the greatest common divisor of 124 and 620?
124
Calculate the highest common divisor of 147 and 3.
3
Calculate the highest common divisor of 308 and 112.
28
What is the greatest common factor of 38 and 2?
2
Calculate the highest common factor of 3234 and 28.
14
Calculate the highest common factor of 1195 and 20.
5
Calculate the greatest common factor of 714 and 102.
102
Calculate the highest common factor of 13 and 97201.
13
Calculate the greatest common factor of 2025 and 25.
25
Calculate the greatest common factor of 2542 and 124.
62
What is the highest common divisor of 1561 and 91?
7
Calculate the highest common factor of 496 and 32.
16
What is the greatest common divisor of 2121 and 1?
1
Calculate the greatest common factor of 16731 and 234.
117
Calculate the greatest common factor of 9 and 3843.
9
Calculate the highest common divisor of 40460 and 140.
140
Calculate the highest common divisor of 24 and 384.
24
What is the highest common divisor of 15 and 795?
15
Calculate the greatest common factor of 34 and 51.
17
What is the highest common divisor of 103 and 2781?
103
What is the highest common factor of 38 and 3401?
19
Calculate the highest common factor of 23 and 92966.
23
What is the greatest common factor of 20 and 4?
4
Calculate the highest common factor of 260 and 3510.
130
What is the greatest common factor of 31 and 837?
31
Calculate the highest common divisor of 120 and 456.
24
Calculate the greatest common divisor of 240 and 24240.
240
What is the highest common factor of 760 and 88?
8
What is the highest common factor of 154 and 121?
11
What is the highest common factor of 364 and 7?
7
What is the greatest common factor of 13 and 832?
13
What is the highest common divisor of 22 and 99?
11
What is the greatest common divisor of 4147 and 58?
29
Calculate the highest common divisor of 253 and 44.
11
What is the greatest common factor of 468 and 84?
12
Calculate the greatest common factor of 19 and 15523.
19
Calculate the greatest common factor of 165 and 1551.
33
Calculate the highest common divisor of 2050 and 155.
5
What is the greatest common divisor of 28 and 4417?
7
Calculate the highest common divisor of 44 and 1276.
44
Calculate the highest common factor of 2716 and 485.
97
What is the highest common factor of 627 and 228?
57
What is the highest common factor of 432 and 675?
27
Calculate the greatest common divisor of 7524 and 9.
9
What is the greatest common factor of 75 and 795?
15
What is the greatest common factor of 13 and 30225?
13
What is the highest common divisor of 12290 and 10?
10
Calculate the greatest common factor of 43 and 301.
43
Calculate the highest common divisor of 5012 and 28.
28
What is the greatest common factor of 2222 and 44?
22
Calculate the highest common divisor of 76 and 114.
38
What is the highest common divisor of 19 and 23?
1
Calculate the highest common factor of 2123 and 11.
11
Calculate the highest common divisor of 120 and 90.
30
What is the greatest common factor of 248 and 10602?
62
Calculate the greatest common factor of 12 and 37266.
6
Calculate the greatest common divisor of 3 and 69.
3
Calculate the greatest common divisor of 1525 and 25.
25
Calculate the greatest common divisor of 17 and 2023.
17
What is the highest common factor of 22 and 2651?
11
Calculate the highest common factor of 30 and 600.
30
Calculate the greatest common divisor of 29 and 1711.
29
What is the greatest common factor of 72 and 444?
12
What is the greatest common factor of 327